v) = v**2 + 179*v - 6204. Determine p(30).
66
Let l(f) = f**2 - 327*f - 10339. Determine l(-29).
-15
Let l(q) = -712*q + 3566. What is l(5)?
6
Let b(d) = -26*d**2 + 102*d + 285. Calculate b(-2).
-23
Let v(w) = 8*w**2 + 497*w + 7. Determine v(-62).
-55
Let l(s) = -2*s**3 - s**2 + 4*s + 9. Calculate l(-2).
13
Let w(a) = -12*a + 992. What is w(87)?
-52
Let o(l) = -l**3 + 5*l**2 - 94*l + 690. Calculate o(7).
-66
Let l(x) = -97*x + 1041. Give l(8).
265
Let o(r) = 2*r**2 + 320*r + 5595. Give o(-20).
-5
Let l(w) = -22*w + 97. What is l(12)?
-167
Let a(d) = 147*d + 1186. What is a(-8)?
10
Let w(p) = -3*p**2 + 241*p + 2130. Give w(-8).
10
Let l(b) = 3*b**2 + 169*b - 36. Determine l(-56).
-92
Let j(i) = -18*i**2 + 210*i - 92. Determine j(11).
40
Let u(t) = 13*t - 58. Determine u(17).
163
Let q(l) = 1461*l + 17518. Give q(-12).
-14
Let n(u) = 1387*u - 11088. What is n(8)?
8
Let v(d) = d**3 - 23*d**2 - 76*d + 4. Give v(-3).
-2
Let i(c) = 42*c - 17. What is i(-3)?
-143
Let t(u) = -u**2 - 6*u + 8. What is t(-6)?
8
Let l(i) = -i**2 - 27*i + 647. Determine l(15).
17
Let f(p) = -p**3 - 8*p**2 - 72*p - 484. Give f(-7).
-29
Let q(m) = 12*m**2 - 34*m + 160. Give q(5).
290
Let d(u) = -3*u**2 - 21*u - 45. Determine d(-10).
-135
Let i(p) = -p**3 - 10*p**2 + 2*p + 4. What is i(-10)?
-16
Let s(l) = -l**2 + 13*l - 35. Give s(5).
5
Let k(r) = r**3 + 44*r**2 - 244*r - 1. Determine k(5).
4
Let q(l) = 432*l - 2589. Determine q(6).
3
Let t(z) = 20*z + 487. What is t(-23)?
27
Let v(c) = -2*c**3 + 9*c**2 + 6*c - 29. Calculate v(-4).
219
Let z(q) = -q**3 + 24*q**2 + 29*q + 86. Determine z(25).
186
Let o(p) = -p**3 - 12*p**2 + 282*p + 3243. What is o(-11)?
20
Let m(j) = j**3 + 3*j**2 - 3*j - 216. Calculate m(0).
-216
Let r(s) = -3*s**2 + 12*s + 78. What is r(7)?
15
Let p(g) = 13*g + 400. Determine p(-18).
166
Let n(b) = -149*b + 287. Give n(2).
-11
Let h(i) = 14*i**2 - 108*i - 41. What is h(8)?
-9
Let o(k) = k**3 + 11*k**2 + 25*k + 52. Calculate o(-10).
-98
Let y(u) = u**2 + 18*u - 62. Give y(-19).
-43
Let n(x) = -188*x + 172. What is n(3)?
-392
Let r(i) = 2*i**3 - 26*i**2 + 24*i + 14. What is r(12)?
14
Let z(t) = -t**2 + 27*t - 1. Calculate z(-4).
-125
Let k(b) = -122*b + 116. What is k(-1)?
238
Let z(i) = -i**2 + 783*i + 15297. Give z(-19).
59
Let j(y) = -27*y**2 - 50*y - 161. Calculate j(-4).
-393
Let x(t) = t**2 + 71*t - 15252. Determine x(93).
0
Let q(x) = -6*x**2 - 14*x + 17. Give q(4).
-135
Let u(x) = -79*x**2 - 4183*x + 198. Determine u(-53).
-14
Let j(z) = -93*z - 2664. What is j(-31)?
219
Let v(a) = -24*a - 2216. Determine v(-99).
160
Let y(h) = -h**2 - 15*h + 90. What is y(-20)?
-10
Let a(r) = 4*r**3 + 20*r**2 + 3*r - 10. What is a(-4)?
42
Let y(s) = s**3 - 2*s**2 - 54*s + 37. Calculate y(8).
-11
Let p(x) = -23*x - 49. Determine p(1).
-72
Let f(s) = 9*s**2 + 1481*s - 3678. Give f(-167).
-4
Let b(w) = w**2 + 26*w - 15. Calculate b(6).
177
Let m(t) = 138*t + 559. Give m(-4).
7
Let v(y) = -137*y**2 - 7*y. Determine v(1).
-144
Let n(o) = -2*o**2 - 219*o - 846. Give n(-4).
-2
Let t(f) = -1595*f - 22340. What is t(-14)?
-10
Let s(i) = -19*i + 77. What is s(6)?
-37
Let n(o) = o**3 + 23*o**2 + 111*o + 33. What is n(-10)?
223
Let p(i) = 103*i - 202. Determine p(5).
313
Let t(i) = -4*i**2 - 2*i - 13. Give t(7).
-223
Let v(o) = -o**3 - 95*o**2 - 184*o + 51. Determine v(-93).
-135
Let v(r) = -7*r**3 + 56*r**2 - 39*r + 309. Determine v(8).
-3
Let f(r) = -6*r**2 - 233*r - 451. Calculate f(-2).
-9
Let l(w) = 25*w**2 + 277*w + 43. Give l(-10).
-227
Let p(q) = 182*q + 11442. What is p(-63)?
-24
Let i(h) = 2*h**2 + 132*h - 1354. Determine i(9).
-4
Let b(v) = 2*v**3 + 81*v**2 + 115*v - 74. What is b(-39)?
4
Let i(n) = -3*n**2 + 52*n - 26. Determine i(13).
143
Let w(h) = h**3 + 5*h**2 - 22*h + 9. Give w(-8).
-7
Let b(g) = 13*g - 1. Give b(-4).
-53
Let z(y) = -y**3 - 7*y**2 + 44*y + 289. Give z(-6).
-11
Let p(a) = -a**2 - 10*a + 107. Determine p(-15).
32
Let l(g) = 46*g + 261. Give l(-5).
31
Let q(n) = -88*n - 6660. What is q(-76)?
28
Let o(z) = z**3 + 36*z**2 + 91*z - 307. Calculate o(-33).
-43
Let n(r) = -27302*r + 27293. Determine n(1).
-9
Let v(q) = -q**2 - 11*q. Give v(-9).
18
Let n(w) = -2*w**3 - 172*w**2 + 6*w + 516. Calculate n(-86).
0
Let i(q) = -q**2 + 291*q + 62653. Give i(-144).
13
Let w(o) = -84*o**2 - 570*o + 121. Calculate w(-7).
-5
Let m(q) = 14*q**2 + 906*q - 268. Calculate m(-65).
-8
Let t(n) = -9*n**2 - 245*n + 15285. Give t(-57).
9
Let c(i) = -2*i**3 - 9*i**2 - 15*i - 47. Give c(-6).
151
Let y(m) = 44*m**2 + 26*m + 52. Calculate y(-2).
176
Let p(z) = z**3 + 8*z**2 - 29*z + 54. Determine p(-11).
10
Let w(a) = -a**2 + 29*a - 43. Determine w(34).
-213
Let a(d) = 3*d**3 + 2*d**2 - 417*d - 824. Give a(-2).
-6
Let y(v) = -176*v - 1441. Give y(-9).
143
Let f(y) = -y**3 - 50*y**2 + 98*y - 319. Give f(-52).
-7
Let w(k) = -2*k**3 - 42*k**2 - 206*k - 59. What is w(-7)?
11
Let w(x) = -14*x - 204. Determine w(-14).
-8
Let x(w) = w**2 - 7*w + 14. Determine x(-5).
74
Let m(c) = 2*c + 261. Calculate m(-144).
-27
Let t(c) = -1389*c + 12521. Give t(9).
20
Let i(x) = 4*x**3 + 12*x**2 - 64*x - 8. Determine i(-6).
-56
Let f(b) = -132*b**2 - b - 58. Calculate f(0).
-58
Let g(o) = -o**2 - 103*o - 2626. Give g(-57).
-4
Let a(k) = 22553*k + 90211. Determine a(-4).
-1
Let r(g) = -g**3 - 16*g**2 - 8*g + 37. Calculate r(-15).
-68
Let j(a) = -4*a - 33. Determine j(27).
-141
Let p(h) = -h**3 + 17*h**2 + h - 26. Give p(17).
-9
Let g(p) = 16*p - 979. Determine g(58).
-51
Let t(w) = w**3 + w**2 + 3*w + 35. Give t(0).
35
Let m(c) = -21*c - 151. Give m(-6).
-25
Let k(m) = m**3 + 22*m**2 + 119*m - 28. Calculate k(-11).
-6
Let w(u) = 4*u**3 + 26*u**2 + 39*u + 392. What is w(-7)?
21
Let p(x) = -x**3 - 10*x**2 - 36*x + 9. Determine p(-7).
114
Let k(x) = 2*x**2 + 10*x - 45. Give k(-10).
55
Let s(n) = -4*n**2 + 13*n + 190. Calculate s(-7).
-97
Let d(n) = -n**2 + 19*n + 9. Give d(16).
57
Let i(y) = -63*y - 642. Calculate i(-11).
51
Let g(o) = -4*o**2 - 53*o + 289. Give g(-21).
-362
Let n(o) = 2*o**3 - 12*o**2 + 3*o - 11. Determine n(6).
7
Let m(b) = -2*b**3 + 29*b**2 + 23*b - 116. What is m(15)?
4
Let o(s) = -3*s**3 - 12*s**2 + 16*s + 89. Give o(-5).
84
Let l(j) = 3*j**2 - 42*j - 717. Give l(-11).
108
Let d(k) = k**3 + 17*k**2 - 111*k + 24. What is d(-22)?
46
Let z(m) = -13*m + 190. Calculate z(24).
-122
Let v(g) = g**3 + 37*g**2 + 135*g - 24. Calculate v(-32).
776
Let n(g) = g**3 + 16*g**2 + 54*g - 42. Determine n(-14).
-406
Let v(b) = 40*b + 865. Calculate v(-19).
105
Let u(v) = -v**3 + 31*v**2 - 126*v - 112. What is u(26)?
-8
Let x(i) = -i**3 - 220*i**2 - 1299*i - 3214. Give x(-214).
-4
Let v(d) = 3*d**2 - 486*d + 956. Determine v(2).
-4
Let v(u) = -u**2 - 46*u + 376. Give v(-53).
5
Let y(w) = 27*w - 54. Determine y(2).
0
Let s(n) = -16*n**3 - 2*n**2 - 4*n + 10. What is s(2)?
-134
Let w(d) = -d**3 - 98*d**2 - 101*d - 415. Give w(-97).
-27
Let q(l) = -2*l**3 + 67*l**2 - 26*l - 202. What is q(33)?
29
Let g(a) = a**3 - 56*a**2 - 124*a - 92. Calculate g(58).
-556
Let c(f) = 23*f - 104. Determine c(5).
11
Let l(f) = -2*f**3 + 27*f**2 - 33*f - 231. What is l(11)?
11
Let r(n) = 3339*n - 6630. Determine r(2).
48
Let r(k) = 1051*k - 15769. Give r(15).
-4
Let g(d) = d**2 - 321*d + 951. Calculate g(3).
-3
Let x(i) = -77*i + 856. What is x(11)?
9
Let h(b) = b**3 + 2*b**2 + 58*b + 109. Determine h(-2).
-7
Let u(q) = 817*q - 2413. Determine u(3).
38
Let m(g) = -144*g - 5613. Give m(-39).
3
Let b(v) = -v**3 + 14*v**2 + 548*v - 4174. What is b(7)?
5
Let z(m) = -2*m**2 - 747*m + 3018. What is z(4)?
-2
Let s(q) = 29*q**2 - 14*q - 3. What is s(1)?
12
Let r(j) = -27*j + 1927. Determine r(71).
10
Let i(w) = -8*w + 361. Give i(2).
345
Let j(m) = 657*m - 686. Calculate j(1).
-29
Let k(v) = 55*v + 269. Calculate k(-6).
-61
Let w(u) = 1528*u + 47362. Determine w(-31).
-6
Let j(a) = -348*a - 87. What is j(0)?
-87
Let o(w) = -38*w**2 - 7*w - 24. Calculate o(-3).
-345
Let v(b) = 19*b + 10. Determine v(6).
124
Let k(t) = 23*t - 4317. Determine k(188).
7
Let x(l) = l**3 - 11*l**2 - 98*l + 528. What is x(15)?
-42
Let t(s) = s**2 - 1056*s + 26778. Determine t(26).
-2
Let t(b) = -86*b - 4. Determine t(-2).
168
Let p(m) = -2*m**2 + 88*m - 349. Calculate p(37).
169
Let p(o) = 24*o**2 - 6*o - 17. Determine p(-2).
91
Let o(k) = -6*k**3 -